38
Calculate the greatest common divisor of 38 and 209.
19
What is the highest common factor of 100 and 175?
25
What is the highest common divisor of 208 and 16?
16
What is the greatest common divisor of 5 and 4?
1
Calculate the greatest common factor of 387 and 2193.
129
What is the highest common factor of 16 and 144?
16
What is the highest common factor of 12312 and 567?
81
Calculate the highest common factor of 560 and 28.
28
Calculate the greatest common divisor of 234 and 30.
6
What is the highest common divisor of 210 and 2310?
210
Calculate the highest common factor of 341 and 124.
31
What is the greatest common factor of 348 and 60?
12
What is the greatest common factor of 105 and 165?
15
Calculate the greatest common divisor of 1550 and 93.
31
What is the greatest common divisor of 76512 and 32?
32
Calculate the highest common divisor of 56 and 119.
7
Calculate the highest common factor of 3322 and 22.
22
Calculate the greatest common divisor of 125 and 645.
5
What is the highest common factor of 76 and 2147?
19
Calculate the greatest common divisor of 700 and 28.
28
Calculate the highest common factor of 1378 and 159.
53
Calculate the greatest common divisor of 188 and 235.
47
Calculate the greatest common factor of 275 and 300.
25
Calculate the greatest common factor of 225 and 171.
9
Calculate the highest common divisor of 143 and 611.
13
Calculate the highest common divisor of 4992 and 64.
64
What is the highest common divisor of 209 and 55?
11
What is the highest common divisor of 1743 and 35?
7
Calculate the highest common factor of 5889 and 78.
39
What is the greatest common divisor of 160 and 2624?
32
Calculate the greatest common divisor of 1611 and 63.
9
What is the highest common divisor of 324 and 1080?
108
What is the greatest common factor of 495 and 3520?
55
Calculate the greatest common divisor of 2 and 16.
2
Calculate the greatest common divisor of 45588 and 24.
12
What is the greatest common divisor of 819 and 91?
91
What is the highest common factor of 704 and 24?
8
What is the greatest common divisor of 383 and 3?
1
What is the greatest common factor of 60 and 84?
12
What is the highest common factor of 2982 and 126?
42
What is the greatest common factor of 2 and 129?
1
What is the highest common divisor of 4 and 2138?
2
Calculate the greatest common factor of 64 and 1.
1
What is the greatest common factor of 187 and 34221?
187
What is the greatest common factor of 3263 and 13?
13
Calculate the greatest common divisor of 24 and 324.
12
Calculate the greatest common factor of 36 and 252.
36
Calculate the greatest common divisor of 215 and 344.
43
Calculate the highest common divisor of 10 and 12.
2
Calculate the greatest common divisor of 1212 and 60.
12
Calculate the highest common factor of 2623 and 946.
43
Calculate the highest common divisor of 39 and 156.
39
What is the greatest common divisor of 192 and 744?
24
What is the greatest common divisor of 3604 and 748?
68
What is the highest common divisor of 135 and 243?
27
What is the greatest common factor of 26180 and 840?
140
Calculate the greatest common divisor of 84 and 564.
12
What is the highest common factor of 34 and 6681?
17
Calculate the highest common divisor of 8 and 584.
8
What is the greatest common divisor of 17 and 51?
17
What is the greatest common divisor of 231 and 84?
21
What is the highest common factor of 3485 and 41?
41
What is the highest common factor of 496 and 176?
16
Calculate the greatest common factor of 996 and 12.
12
What is the highest common factor of 100 and 15650?
50
Calculate the highest common divisor of 188 and 4.
4
What is the greatest common factor of 10 and 2560?
10
What is the greatest common factor of 6 and 90?
6
What is the greatest common divisor of 304 and 988?
76
What is the highest common divisor of 51 and 6528?
51
What is the highest common divisor of 176 and 132?
44
What is the greatest common factor of 4905 and 60?
15
What is the highest common factor of 20 and 20?
20
What is the greatest common factor of 374 and 2805?
187
What is the greatest common factor of 1034 and 22?
22
What is the greatest common divisor of 100 and 75?
25
What is the greatest common divisor of 69 and 184?
23
Calculate the highest common factor of 1161 and 86.
43
Calculate the highest common factor of 4 and 164.
4
Calculate the greatest common factor of 270 and 2133.
27
Calculate the greatest common factor of 448 and 168.
56
What is the highest common divisor of 21086 and 78?
26
Calculate the highest common factor of 480 and 15.
15
What is the highest common factor of 4 and 788?
4
What is the greatest common factor of 3615 and 30?
15
Calculate the greatest common factor of 48 and 1168.
16
What is the highest common factor of 976 and 16?
16
What is the highest common divisor of 2325 and 50?
25
Calculate the greatest common divisor of 105 and 165.
15
What is the greatest common divisor of 434 and 280?
14
What is the greatest common factor of 2058 and 18?
6
What is the highest common divisor of 561 and 102?
51
What is the highest common factor of 200 and 46600?
200
What is the greatest common factor of 55 and 88?
11
Calculate the highest common divisor of 793 and 13.
13
What is the highest common divisor of 153 and 24786?
153
Calculate the highest common divisor of 12 and 52.
4
Calculate the greatest common factor of 15 and 30915.
15
Calculate the greatest common divisor of 851 and 207.
23
What is the greatest common factor of 45 and 6105?
15
What is the highest common divisor of 505 and 202?
101
What is the highest common factor of 132 and 1012?
44
What is the highest common divisor of 5 and 85?
5
What is the highest common factor of 14676 and 48?
12
Calculate the highest common factor of 2515 and 10.
5
What is the greatest common factor of 1075 and 301?
43
Calculate the greatest common divisor of 12 and 12.
12
What is the greatest common factor of 125 and 1675?
25
Calculate the greatest common divisor of 874 and 46.
46
What is the highest common divisor of 20 and 74?
2
Calculate the highest common factor of 20 and 2050.
10
Calculate the highest common divisor of 2256 and 64.
16
What is the highest common divisor of 40 and 72?
8
Calculate the highest common divisor of 31284 and 99.
99
What is the highest common divisor of 49 and 1337?
7
Calculate the greatest common factor of 26 and 6.
2
What is the greatest common factor of 16 and 856?
8
Calculate the greatest common divisor of 42 and 189.
21
Calculate the greatest common divisor of 500 and 25.
25
What is the greatest common factor of 300 and 228?
12
Calculate the greatest common divisor of 6570 and 117.
9
What is the greatest common factor of 18 and 90?
18
Calculate the highest common factor of 44 and 968.
44
Calculate the highest common factor of 496 and 5859.
31
What is the greatest common factor of 620 and 20?
20
Calculate the greatest common divisor of 2451 and 133.
19
Calculate the greatest common factor of 217 and 14.
7
What is the highest common factor of 1974 and 12?
6
Calculate the greatest common factor of 159 and 3551.
53
What is the highest common factor of 2004 and 835?
167
What is the highest common factor of 2148 and 24?
12
Calculate the highest common divisor of 108 and 32.
4
Calculate the greatest common divisor of 28544 and 1115.
223
Calculate the highest common factor of 35233 and 11.
11
Calculate the greatest common factor of 6780 and 240.
60
Calculate the highest common factor of 736 and 32.
32
What is the greatest common factor of 13504 and 1055?
211
What is the highest common divisor of 15659 and 7?
7
Calculate the greatest common factor of 275 and 175.
25
Calculate the highest common divisor of 17 and 1411.
17
What is the greatest common divisor of 6240 and 15?
15
Calculate the highest common divisor of 6 and 303.
3
What is the greatest common divisor of 376 and 2444?
188
Calculate the greatest common divisor of 11 and 297.
11
What is the highest common factor of 1649 and 629?
17
What is the highest common divisor of 149 and 1043?
149
Calculate the greatest common factor of 385 and 140.
35
What is the highest common factor of 1290 and 220?
10
What is the highest common divisor of 9798 and 184?
46
What is the highest common factor of 775 and 2077?
31
What is t